 13
Suppose -4*v = -3*q + 19, q = -3*v + 3*q - 13. What are the prime factors of 3*v/5 + (-2180)/(-50)?
43
Let h = -1097 + 3556. What are the prime factors of h?
2459
Suppose -5*y + 7*y - 28 = 0. Let q = 81 + y. What are the prime factors of q?
5, 19
Let u(t) = 5*t + t**2 + 7*t + 1 + 13. What are the prime factors of u(-15)?
59
Let o be 27/(-9) + (2 - -4). Suppose 2*z - 5*d = 58, 2*d - 6*d = o*z - 41. What are the prime factors of z?
19
Suppose 57 = 4*t + 17. Let a(y) = y**2 - 4*y. Let q be a(3). Let x = t + q. What are the prime factors of x?
7
Let k(p) = 2*p - 6 - 3*p + 44 - 7. List the prime factors of k(0).
31
Let t be 0 - -2 - (9 - 10). Suppose -t*w + 114 + 183 = 0. What are the prime factors of w?
3, 11
Let b be 6/21 - (88/14 - 4). Let g(u) = u + 8. Let l be g(-6). List the prime factors of -31*b/l + 3.
2, 17
Let n be 14/((-2)/2)*1. Let m = 98 + n. What are the prime factors of m?
2, 3, 7
Let b be 24/9*3/2. Let r(l) = -l**3 + 6*l**2 + 3*l + 18. Let y be r(6). Suppose 2*u + 38 = 2*t + b*u, 2*t - y = -u. What are the prime factors of t?
17
Suppose -3*s - 56 = 4*y, -3*s + s + y = 19. Let n be 2 + 52/s*-3. List the prime factors of 24/15*n/2.
2, 3
Suppose 5*q + 30 = -5*g, 46 = -2*q - 3*q + 3*g. Let h be (q/(-2))/(2/29). Suppose 6*k = 8*k - h. List the prime factors of k.
29
Suppose 3*u = 2*s + 16, 3*s = 2*u - 16 + 2. What are the prime factors of (-1 - u/(-1)) + 5?
2
Let p = -148 + 340. List the prime factors of p.
2, 3
Suppose 42 = y - 34. Suppose 8*q - y = 100. List the prime factors of q.
2, 11
Let l = -24 + 29. Suppose -3 = l*i - 28. Suppose -i*b + 118 = -87. List the prime factors of b.
41
Let r = -22 + 17. What are the prime factors of 4 - ((-4 - -6) + r)?
7
Let y be 12/(-3) - 1*-28. Suppose 5*j - 20 = -5*o - 0*o, 4*o - y = -5*j. What are the prime factors of j?
2
What are the prime factors of (96/(-72))/((-1)/18)?
2, 3
Let c(q) = -q**3 + 19*q**2 - 17*q - 11. Let t be c(18). Let s(b) = b**3 - 4*b**2 - 9*b - 5. Let n be s(t). Let u = 116 - n. What are the prime factors of u?
37
Let g be (-488)/6 + 7/21. Let l = 3 - g. Suppose -u + z = -34, -3*z + 0*z + l = 3*u. List the prime factors of u.
31
Let b = 394 + -247. Let v = b + -45. Suppose 3*d + v = 3*i, i - 3*d + 0*d - 40 = 0. List the prime factors of i.
31
Let a(k) = 6 - k + 2 + 4*k - 9*k. List the prime factors of a(-10).
2, 17
List the prime factors of 0/(-2) - -28*(-7 + 38).
2, 7, 31
Suppose 2*s = -3*s + 320. Suppose 3*b - b - 3*z = -118, z + s = -b. Let d = -42 - b. What are the prime factors of d?
2, 5
Let m(n) = n**3 - 4*n**2 - 5*n + 2. Let y be m(5). Let s(d) = d**3 + 9*d - 3*d - 5 + 0*d**2 - 6*d**y - 2*d. List the prime factors of s(6).
19
Suppose -2*x = 15*x - 21692. What are the prime factors of x?
2, 11, 29
Suppose -3*q - 1316 = -92. What are the prime factors of 15/(-35) + q/(-21)?
19
Suppose -1 + 13 = -c. What are the prime factors of 465/9 + (-4)/c?
2, 13
Let o(a) = a - 4. Suppose 0 = -2*b + g + 22, -4*b + 5*g + 13 = -43. Let w be o(b). Suppose -3*k + 60 = 2*j - 5*k, w*k + 34 = j. What are the prime factors of j?
29
Suppose -3 = -4*d + 4*m + m, -2*d + 6 = 2*m. What are the prime factors of 600/16 - 1/d?
37
Let m be (-18)/(-8) - 8/32. List the prime factors of (-11 - -7) + (-1 - -95)/m.
43
Suppose -4*r - 5 = -13. Suppose t + 6 + 6 = -x, 28 = -r*t - 4*x. List the prime factors of ((-32)/10)/(t/25).
2
Let y = -253 - -449. List the prime factors of y.
2, 7
Suppose 12 = 4*i, 0 = 2*z - 3*z + 2*i. Let n be ((-1)/(-3))/(1/z). Suppose 24 + 8 = n*r. What are the prime factors of r?
2
Let r(a) = a**2 - a - 5. Let y be r(-4). Let c(n) = -n**3 + 14*n**2 + 17*n + 16. What are the prime factors of c(y)?
2, 23
Let h(c) = 6*c**2 + 49. Let r(l) = 3*l**2 + 25. Let t(y) = -2*h(y) + 5*r(y). List the prime factors of t(9).
2, 3, 5
Let b be 3/2 + 56/16. Suppose 0 = b*a - 2*p - 386, a = -0*a + 4*p + 88. Let t = a - 31. What are the prime factors of t?
3, 5
Let a(s) = -30*s**3 - 4*s**2 - 4*s - 1. Let d(t) = 30*t**3 + 5*t**2 + 5*t. Let q(r) = -4*a(r) - 3*d(r). List the prime factors of q(2).
2, 5
Let q = 304 - 204. List the prime factors of (-6)/(q/56 + -2).
2, 7
What are the prime factors of ((-2976)/288)/(1/906*-2)?
31, 151
Let l = -52 + 34. Let n = 3 - l. Let q = -5 + n. What are the prime factors of q?
2
Suppose -25*k - 281 = -26*k. Suppose -5*l + 715 = 2*d + 3*d, 0 = 2*d + l - k. List the prime factors of d.
2, 3, 23
Suppose 0 = 3*j - 6, -j = s + j - 13. List the prime factors of -6 + s/3 - (-26)/1.
23
Let j = 7 + -23. Let w be 108 - j - 1*4. Suppose -5*v - z + w = -5*z, -4*v - 5*z = -55. List the prime factors of v.
2, 5
Suppose -8*a + 18 = -14. Suppose -q + a*u + 212 = 0, -3*q + 0*u = -5*u - 657. List the prime factors of q.
2, 7
Let v(b) = 12*b - 3. Let f be v(1). Suppose -4*c + 15 = -f. List the prime factors of c.
2, 3
Let s be (-1)/3 + (-1963)/(-39). Suppose 3*k + 0*a - 4*a = s, 0 = 2*k - 3*a - 32. What are the prime factors of k?
2, 11
Let s(t) = 13*t**3 + 4*t**2 - 2*t + 3. What are the prime factors of s(3)?
2, 3
Let j(d) = -7*d - 1. Let q be j(-1). Let z be q/(-4)*1616/(-6). Suppose -5*n - 119 = -z. List the prime factors of n.
3, 19
Let s = 164 + -96. Let c = s + -43. What are the prime factors of c?
5
Suppose 3*x + 2*n = 1522, -5*n + 3*n = 8. List the prime factors of x.
2, 3, 5, 17
What are the prime factors of ((-114)/(-6) + -9)*(14 - 2)?
2, 3, 5
Let v = 22 + -20. Suppose v*b - 5*b + 150 = 0. What are the prime factors of b?
2, 5
Let w = -69 + 53. List the prime factors of (0 - -3) + w/8 + 98.
3, 11
Let d(r) = r**2 + 18*r - 28. What are the prime factors of d(15)?
467
Let f(k) be the third derivative of k**4/24 + 5*k**3/6 + 10*k**2. Let j be f(10). Let w(t) = -t**2 + 19*t - 7. What are the prime factors of w(j)?
53
Suppose -3 = 3*f + 5*k, 3*k = -3*f - k - 3. Let h(c) = -64*c**3 + c + 1. List the prime factors of h(f).
2
Let c = -170 + 174. Suppose 5*i = u + 1601, c*i + 2*u = -3*u + 1304. List the prime factors of i.
3, 107
Suppose 2*m = -2*k + 26, 3*m = -3*k - k + 48. Suppose -5*w = q + 5, 0 = -k*q + 4*q + 2*w + 83. Suppose -q = -0*o - o. List the prime factors of o.
3, 5
Let a(r) = 8*r - 42. Let j be a(17). Let o = j + 31. What are the prime factors of o?
5
Let p = -14 - -19. Let q = p + -2. Suppose -q*d - 29 + 146 = 0. What are the prime factors of d?
3, 13
Suppose -15 = -y - 0*l + 5*l, 15 = 2*y - 5*l. Suppose 0 = 4*z - 2*b - 106, -4*z + 110 = 2*b - y. List the prime factors of z.
3
What are the prime factors of (-8)/14 + 40728/28?
2, 727
Suppose 28 = -0*x - 2*x. Let y = 37 - x. What are the prime factors of y?
3, 17
Let r(a) = -8*a**3 - 4*a**2 + 4*a + 23. What are the prime factors of r(-8)?
3, 1277
Let t = -1938 - -2792. List the prime factors of t.
2, 7, 61
Suppose 0 = -77*d + 80*d - 2289. List the prime factors of d.
7, 109
Let o be -10*(6/(-1) + -4). Suppose -4*q = -48 - o. Let m = q + 12. What are the prime factors of m?
7
Suppose -7*b + 0 = -28. Suppose 3 + b = 5*k + 4*c, 4*k - 4*c = 20. What are the prime factors of (-1 + 3)/(k/66)?
2, 11
Let d(u) = 39*u**2 - 12*u - 39. What are the prime factors of d(-6)?
3, 479
Let w(v) = v**2 + 11*v + 14. Let m be w(-8). What are the prime factors of (-8 - m)/((-6)/(-339))?
113
Let v(x) be the first derivative of -7*x - 1/2*x**2 - 5. What are the prime factors of v(-12)?
5
Let b = 929 - 651. List the prime factors of b.
2, 139
Suppose 6731 = 11*c + 2452. List the prime factors of c.
389
Suppose -3*q + 2*h + 2252 = 0, -2*q = 3*h - 132 - 1352. What are the prime factors of q?
2, 11, 17
List the prime factors of 230/(15/12 - 1).
2, 5, 23
Suppose 7772 = 4*y + 2*z, 4*z = 4*y - 7302 - 458. List the prime factors of y.
2, 971
Suppose 666*z - m = 667*z - 5375, -3*z + 16121 = m. List the prime factors of z.
3, 199
Suppose -36 = -4*t + 44. Suppose -4*b = 4*k - 28, -2*b - 2*b = 2*k - t. Suppose 5*l - 73 + 7 = -2*f, -b*l + 2*f = -46. List the prime factors of l.
2, 7
List the prime factors of 50*(-5 - (-66)/12)*23.
5, 23
What are the prime factors of 7 - ((-89620)/90 - 6/27)?
17, 59
Let h = 26 - 26. Suppose h = -18*g + 22*g - 128. List the prime factors of g.
2
Let x(n) = n**2 - n + 10. Let m be x(8). Let a = m - -6. Suppose 2*w + a = 2*i, 5*w + 48 = 3*i - 2*i. What are the prime factors of i?
3, 11
Suppose 15 = 3*i - c, -3*c = -i - 0 - 3. W